
43
Let r(i) = 16*i**2 - 3*i + 74. Let y be r(-4). What is the highest common factor of 228 and y?
114
Let j(f) = 2*f**3 - 50*f**2 - 53*f + 80. Let z be j(26). What is the greatest common factor of z and 38?
2
Suppose 3*h - 3*j - 22949 = 4858, -3*h - j + 27787 = 0. Calculate the highest common factor of h and 48.
48
Let a = 19 + -8. Let d = -5290 + 5466. Calculate the greatest common divisor of d and a.
11
Let g be (-3 + 5)*-1*250/(-100). Let q(x) = x**3 + 7*x**2 - 6. Let k be q(-7). Let s be 3/k*2*-5. Calculate the greatest common factor of s and g.
5
Let w be -5 - (9 - 120/16)*-50. Calculate the highest common factor of 392 and w.
14
Let f(x) = x**3 + 19*x**2 + 46*x + 12. Let u be f(-16). Suppose 2*c + z = 2022, -3*c = -4*z - 3169 + 125. What is the highest common divisor of c and u?
44
Suppose 1 + 1 = 2*j. Let h be (42/35*(-15)/1 - -5)/(-1). What is the highest common divisor of j and h?
1
Let o be (-3)/((3/(-44))/(7/28)). Let h be (2/4 - 804/24)*1557/(-27). What is the highest common divisor of h and o?
11
Let x(b) = 643*b**3 - b**2 + 2*b - 2. Let w be x(1). Let v = w + -639. Calculate the highest common divisor of 177 and v.
3
Let p = 230 + 80. Suppose 2*s - 12*o + 9*o - 135 = 0, 5*s - 2*o = p. What is the greatest common divisor of s and 255?
15
Let i be 36/72 + 4583/2. What is the highest common factor of i and 120?
12
Suppose 2*p = 2*t + 68, -5*p = 17*t - 20*t - 168. Let q(l) = -7*l**3 + 3*l**2 + 2*l + 2. Let y be q(-2). Calculate the highest common divisor of y and p.
33
Suppose 244*k + 151226 - 594818 = 0. What is the highest common divisor of 234 and k?
18
Let k be 0 + 0 - (1 + -46). Let z be 2/(-7) - (-32864)/(-224). Let i = z - -152. What is the highest common divisor of k and i?
5
Let v be 142/8 - (-6)/(-8). Suppose -5*t + 30 = 5*d, -3*t + 3*d + 1 = -v. What is the greatest common divisor of 10 and t?
2
Let j(u) = -17*u + 2. Let i be j(3). Let c = 167 + -116. Let y = c + i. What is the greatest common divisor of 2 and y?
2
Suppose -3*i + 4*i - s = -1, 3 = -3*s. Let y be (-11)/i + (-3)/2 + 3. Let w be 12*((y - 7) + (-1)/(-2)). What is the greatest common divisor of 15 and w?
3
Let d(y) = -86*y + 6. Let i(s) = -s**2 + 10*s + 8. Let p be i(11). Let q be d(p). What is the highest common divisor of 24 and q?
24
Let u be (-3)/(-4) + (-36995)/(-140). Suppose w - 183 = u. Calculate the greatest common divisor of 14 and w.
14
Suppose -9*j - 1253 + 3989 = 29*j. What is the greatest common divisor of j and 552?
24
Suppose -4*j + g + 1732 = 0, -4*j - 3*g + 907 = -809. Suppose 389*f = 388*f + 13. Let b be 0 + 53 - (f - 8). Calculate the greatest common divisor of b and j.
48
Let o = -198 - -310. Let p(i) = 13*i + 854. Let d be p(-56). Calculate the greatest common divisor of d and o.
14
Suppose 9 = -5*l - 6, -120 = -3*y + l. Suppose 36*c + 39 = 37*c. What is the greatest common divisor of c and y?
39
Suppose -12*b - 1617 = -100221. What is the highest common factor of b and 198?
99
Let l be (-27852)/(-18) + 70/105. Calculate the highest common divisor of l and 36.
36
Suppose 241*t - 12182434 = -8438412 + 12023885. Calculate the highest common divisor of t and 113.
113
Let l be 45/27 + (-13)/(-3). Suppose 2*q = l*q - 20. Suppose 3*r + 14 = 2*s, -3*r = 3*s - q - 46. What is the highest common divisor of 26 and s?
13
Let b be 90/(-36) + (1 - (-33)/6). Suppose -7 = -l - b*x, x = -2*l + l + 7. Suppose 2*g - 38 = -10. Calculate the greatest common divisor of l and g.
7
Suppose 0 = 3*n - s - 32, -3*s + 0*s = -n. Let y = 127 - n. What is the highest common factor of y and 5?
5
Let y = -137 + 166. Suppose z + y + 0 = 4*l, 3*l + z = 27. Calculate the greatest common divisor of l and 152.
8
Let h(n) = -2*n**2 + 6*n + 4. Let i be h(2). Let o = i + 42. What is the greatest common divisor of 600 and o?
50
Let u(n) = -7*n**3 - 7*n**2 - 22*n + 18. Let f be u(-4). Calculate the highest common factor of f and 78.
26
Suppose -7*z - 12*z + 2*z + 70380 = 0. What is the greatest common factor of 540 and z?
180
Suppose 0 = -31*o + 32*o - 27. Let p be 0 + 18/(-4)*-66. Calculate the greatest common divisor of o and p.
27
Suppose -20 = -53*c + 49*c. Suppose 3*y + 2*u - 4*u = 14, 0 = 3*y + c*u - 49. Suppose h + 0 - y = 0. What is the greatest common divisor of h and 2?
2
Let j = -5609 - -5655. Calculate the highest common divisor of 989 and j.
23
Let b(z) = 14*z**2 - 287*z + 120. Let o be b(24). Calculate the highest common divisor of o and 891.
81
Let s(k) = k**2 - 5*k + 8. Let p be s(4). Suppose -4*g - a = a - 64, 86 = 5*g + p*a. Let q be 44/g + 4/(-28). Calculate the greatest common divisor of q and 24.
3
Let f be 12/((-3)/1)*-25. Suppose -8 = -9*l + f. What is the greatest common divisor of l and 1452?
12
Let g be 136 - (6/4)/((-138)/368). What is the greatest common factor of g and 980?
140
Let i = 549 + -564. Let g(v) = -v**3 - 15*v**2 - 4*v - 46. Let j be g(i). What is the highest common divisor of j and 21?
7
Let o = 789 - 519. What is the greatest common divisor of o and 378?
54
Let s = 654 - 657. Let j be 2/(s + 248/80). Suppose -2*t + 120 = 2*t. Calculate the greatest common factor of t and j.
10
Let v = -70 + 26. Let q = v - -44. Suppose 3*z - 38 + 2 = q. What is the highest common divisor of z and 3?
3
Suppose 32*k - 56 = 4*k. Suppose 100 = u + k*p - 7*p, -5*u - 3*p + 528 = 0. Calculate the highest common divisor of u and 70.
35
Suppose 2*c + 132 = 3*b, c + 87 = 3*b - b. Suppose -49*t + 8950 + 42500 = 0. What is the greatest common factor of b and t?
42
Let d be 141/2*122*18/(-81)*-3. What is the greatest common divisor of d and 282?
94
Let f = 2796 - 2699. Calculate the highest common divisor of f and 1261.
97
Suppose 2*n - 2*a + 4*a = 54, 0 = -3*n + 5*a + 105. Suppose 2*c = h - n, 5*h + 5*c = c + 206. Calculate the greatest common factor of 247 and h.
19
Let x = 33217 + -20593. What is the highest common factor of x and 48?
48
Suppose -3*q - 28 = -37. Suppose 0 = -q*r + 41 - 11. What is the highest common factor of r and 10?
10
Let h(g) = 5*g**2 + 5*g + 3. Let x be h(-2). Let l = -97 - -47. Let o = -37 - l. What is the greatest common factor of o and x?
13
Let g = -98 - -102. Let d be (-3)/g - (-32166)/72. Suppose 3*x = -5*i + d, -2*x + 9 = -5*x. Calculate the greatest common factor of i and 7.
7
Suppose -136*o = -152*o + 11264. Calculate the highest common factor of 44 and o.
44
Suppose -5*p + 3*s = -249 + 30, 0 = 3*p + 4*s - 143. Let c be -45*(3/(p/(-110)) + -2). Calculate the greatest common factor of 60 and c.
60
Let i(f) = -54*f - 152. Let h be i(-15). What is the greatest common factor of h and 28?
14
Let t = -200 + 397. Let k = -125 + t. What is the highest common factor of k and 24?
24
Let q(h) be the first derivative of -15*h**4/2 + 11*h**3/3 + 8*h**2 - 4*h + 10. Let j be q(-2). Calculate the greatest common divisor of 8 and j.
8
Let n(v) = -v**2 + 10*v + 34. Let c be n(8). Let y(f) = -2*f**3 + f**2 + 2*f + 13. Let j be y(-3). Calculate the greatest common divisor of c and j.
10
Let b = -55 + 118. Let d(h) = h**2 - 121. Let s be d(11). Suppose -4*x = -s*y - 2*y + 26, -y + 4*x = -19. Calculate the greatest common factor of b and y.
7
Suppose 68*f + 96 = 80*f. Let c be ((-4)/f)/(2/(-44)). Let h = 18 + -7. What is the greatest common factor of h and c?
11
Suppose 113*o - 19*o - 97478 = 0. What is the greatest common divisor of 136 and o?
17
Suppose 5*s = l + 176, -673*l + 677*l = -2*s + 88. Calculate the greatest common factor of s and 9000.
36
Suppose -737 = -11*c - 385. What is the highest common divisor of 368 and c?
16
Suppose 0*m = -4*m - 92. Let o = m - -33. Suppose -11*d - o = -12*d. What is the greatest common factor of 10 and d?
10
Let h = 322 - 202. Suppose 3*u - 4*l - 41 = 0, 2*u - 4*l - 35 = -9*l. What is the greatest common factor of u and h?
15
Suppose 155*b = 33*b + 1708. Calculate the highest common factor of b and 358.
2
Let j be (-2)/10*(-430)/86. Suppose 4*d - 1 = 51. What is the highest common factor of j and d?
1
Suppose 212*g - 237714 = -58*g + 395436. Calculate the highest common factor of g and 49.
7
Suppose -8 - 17 = 5*p. Let q be (-1 + 8 + p)/(1/51). Let v be (q/(-15))/(1/(-15)). What is the highest common factor of v and 34?
34
Suppose 145*v = 400 + 470. What is the greatest common factor of 30 and v?
6
Suppose 0 = b